{"id":11350,"date":"2024-01-26T01:31:17","date_gmt":"2024-01-26T00:31:17","guid":{"rendered":"https:\/\/koehlergalerie.de\/?page_id=11350"},"modified":"2025-07-09T04:25:38","modified_gmt":"2025-07-09T02:25:38","slug":"malschule","status":"publish","type":"page","link":"https:\/\/koehlergalerie.de\/?page_id=11350","title":{"rendered":"Malschule"},"content":{"rendered":"\t\t<div data-elementor-type=\"wp-post\" data-elementor-id=\"11350\" class=\"elementor elementor-11350\">\n\t\t\t\t\t\t<section class=\"elementor-section elementor-top-section elementor-element elementor-element-b36e079 elementor-section-boxed elementor-section-height-default elementor-section-height-default\" data-id=\"b36e079\" data-element_type=\"section\" data-e-type=\"section\">\n\t\t\t\t\t\t<div class=\"elementor-container elementor-column-gap-default\">\n\t\t\t\t\t<div class=\"elementor-column elementor-col-100 elementor-top-column elementor-element elementor-element-df5ee9d\" data-id=\"df5ee9d\" data-element_type=\"column\" data-e-type=\"column\">\n\t\t\t<div class=\"elementor-widget-wrap elementor-element-populated\">\n\t\t\t\t\t\t<div class=\"elementor-element elementor-element-dc500ff elementor-widget elementor-widget-text-editor\" data-id=\"dc500ff\" data-element_type=\"widget\" data-e-type=\"widget\" data-widget_type=\"text-editor.default\">\n\t\t\t\t<div class=\"elementor-widget-container\">\n\t\t\t\t\t\t\t\t\t<p>Ela K\u00f6hler bietet ganzj\u00e4hrig Malkurse an, so dass ein Einstieg jederzeit und ohne Vorwissen m\u00f6glich ist. In einer \u00f6ffentliche Ausstellung k\u00f6nnen die Sch\u00fcler ihre Bilder einem gr\u00f6sseren Publikum zeigen.<\/p><p>\u2013 \u00dcbung des Sehens<br \/>\u2013 Konzentration auf das Wesentliche<br \/>\u2013 Weitergabe des Augenblicks<\/p><p>Farben, Licht, Struktur \u2013 alles f\u00fchrt zur kreativen Auseinandersetzung mit beliebigen Themen, ob Portrait, Landschaft oder Stilleben.<\/p><p>\u2013 \u00d6lmalerei, Aquarell, Tusche, Bleistift, Kohle<br \/>\u2013 Komposition, Farbenlehre, Anatomie<\/p>\t\t\t\t\t\t\t\t<\/div>\n\t\t\t\t<\/div>\n\t\t\t\t\t<\/div>\n\t\t<\/div>\n\t\t\t\t\t<\/div>\n\t\t<\/section>\n\t\t\t\t<section class=\"elementor-section elementor-top-section elementor-element elementor-element-b65c308 elementor-section-boxed elementor-section-height-default elementor-section-height-default\" data-id=\"b65c308\" data-element_type=\"section\" data-e-type=\"section\">\n\t\t\t\t\t\t<div class=\"elementor-container elementor-column-gap-default\">\n\t\t\t\t\t<div class=\"elementor-column elementor-col-100 elementor-top-column elementor-element elementor-element-df0b3e1\" data-id=\"df0b3e1\" data-element_type=\"column\" data-e-type=\"column\">\n\t\t\t<div class=\"elementor-widget-wrap elementor-element-populated\">\n\t\t\t\t\t\t<div class=\"elementor-element elementor-element-fc809a0 elementor-widget elementor-widget-text-editor\" data-id=\"fc809a0\" data-element_type=\"widget\" data-e-type=\"widget\" data-widget_type=\"text-editor.default\">\n\t\t\t\t<div class=\"elementor-widget-container\">\n\t\t\t\t\t\t\t\t\t<h3>Kursgeb\u00fchren<\/h3><p>Gruppenkurse f\u00fcr Erwachsene jeweils 20 \u20ac\/Std.<\/p><p>Gruppenkurse f\u00fcr Kinder jeweils 15 \u20ac\/Std.<\/p>\t\t\t\t\t\t\t\t<\/div>\n\t\t\t\t<\/div>\n\t\t\t\t<div class=\"elementor-element elementor-element-e201a90 elementor-widget elementor-widget-image\" data-id=\"e201a90\" data-element_type=\"widget\" data-e-type=\"widget\" data-widget_type=\"image.default\">\n\t\t\t\t<div class=\"elementor-widget-container\">\n\t\t\t\t\t\t\t\t\t\t\t\t\t\t\t<img fetchpriority=\"high\" decoding=\"async\" width=\"768\" height=\"1039\" src=\"https:\/\/koehlergalerie.de\/wp-content\/uploads\/2021\/01\/DSC_1207-768x1039.jpg\" class=\"attachment-medium_large size-medium_large wp-image-10481\" alt=\"\" srcset=\"https:\/\/koehlergalerie.de\/wp-content\/uploads\/2021\/01\/DSC_1207-768x1039.jpg 768w, https:\/\/koehlergalerie.de\/wp-content\/uploads\/2021\/01\/DSC_1207-scaled-600x812.jpg 600w, https:\/\/koehlergalerie.de\/wp-content\/uploads\/2021\/01\/DSC_1207-222x300.jpg 222w, https:\/\/koehlergalerie.de\/wp-content\/uploads\/2021\/01\/DSC_1207-757x1024.jpg 757w, https:\/\/koehlergalerie.de\/wp-content\/uploads\/2021\/01\/DSC_1207-1135x1536.jpg 1135w, https:\/\/koehlergalerie.de\/wp-content\/uploads\/2021\/01\/DSC_1207-1513x2048.jpg 1513w, https:\/\/koehlergalerie.de\/wp-content\/uploads\/2021\/01\/DSC_1207-scaled.jpg 1892w\" sizes=\"(max-width: 768px) 100vw, 768px\" \/>\t\t\t\t\t\t\t\t\t\t\t\t\t\t\t<\/div>\n\t\t\t\t<\/div>\n\t\t\t\t\t<\/div>\n\t\t<\/div>\n\t\t\t\t\t<\/div>\n\t\t<\/section>\n\t\t\t\t<\/div>\n\t\t","protected":false},"excerpt":{"rendered":"<p>Ela K\u00f6hler bietet ganzj\u00e4hrig Malkurse an, so dass ein Einstieg jederzeit und ohne Vorwissen m\u00f6glich ist. In einer \u00f6ffentliche Ausstellung k\u00f6nnen die Sch\u00fcler ihre Bilder einem gr\u00f6sseren Publikum zeigen. \u2013 \u00dcbung des Sehens\u2013 Konzentration auf das Wesentliche\u2013 Weitergabe des Augenblicks Farben, Licht, Struktur \u2013 alles f\u00fchrt zur kreativen Auseinandersetzung mit beliebigen Themen, ob Portrait, Landschaft [&hellip;]<\/p>\n","protected":false},"author":1,"featured_media":0,"parent":0,"menu_order":9,"comment_status":"closed","ping_status":"closed","template":"","meta":{"_acf_changed":false,"pgc_sgb_lightbox_settings":"","footnotes":""},"class_list":["post-11350","page","type-page","status-publish","hentry"],"acf":[],"aioseo_notices":[],"_links":{"self":[{"href":"https:\/\/koehlergalerie.de\/index.php?rest_route=\/wp\/v2\/pages\/11350","targetHints":{"allow":["GET"]}}],"collection":[{"href":"https:\/\/koehlergalerie.de\/index.php?rest_route=\/wp\/v2\/pages"}],"about":[{"href":"https:\/\/koehlergalerie.de\/index.php?rest_route=\/wp\/v2\/types\/page"}],"author":[{"embeddable":true,"href":"https:\/\/koehlergalerie.de\/index.php?rest_route=\/wp\/v2\/users\/1"}],"replies":[{"embeddable":true,"href":"https:\/\/koehlergalerie.de\/index.php?rest_route=%2Fwp%2Fv2%2Fcomments&post=11350"}],"version-history":[{"count":13,"href":"https:\/\/koehlergalerie.de\/index.php?rest_route=\/wp\/v2\/pages\/11350\/revisions"}],"predecessor-version":[{"id":11512,"href":"https:\/\/koehlergalerie.de\/index.php?rest_route=\/wp\/v2\/pages\/11350\/revisions\/11512"}],"wp:attachment":[{"href":"https:\/\/koehlergalerie.de\/index.php?rest_route=%2Fwp%2Fv2%2Fmedia&parent=11350"}],"curies":[{"name":"wp","href":"https:\/\/api.w.org\/{rel}","templated":true}]}}

<div data-elementor-type="wp-post" data-elementor-id="11350" class="elementor elementor-11350">
						<section class="elementor-section elementor-top-section elementor-element elementor-element-b36e079 elementor-section-boxed elementor-section-height-default elementor-section-height-default" data-id="b36e079" data-element_type="section" data-e-type="section">
						<div class="elementor-container elementor-column-gap-default">
					<div class="elementor-column elementor-col-100 elementor-top-column elementor-element elementor-element-df5ee9d" data-id="df5ee9d" data-element_type="column" data-e-type="column">
			<div class="elementor-widget-wrap elementor-element-populated">
						<div class="elementor-element elementor-element-dc500ff elementor-widget elementor-widget-text-editor" data-id="dc500ff" data-element_type="widget" data-e-type="widget" data-widget_type="text-editor.default">
				<div class="elementor-widget-container">
									<p>Ela Köhler bietet ganzjährig Malkurse an, so dass ein Einstieg jederzeit und ohne Vorwissen möglich ist. In einer öffentliche Ausstellung können die Schüler ihre Bilder einem grösseren Publikum zeigen.</p><p>– Übung des Sehens<br />– Konzentration auf das Wesentliche<br />– Weitergabe des Augenblicks</p><p>Farben, Licht, Struktur – alles führt zur kreativen Auseinandersetzung mit beliebigen Themen, ob Portrait, Landschaft oder Stilleben.</p><p>– Ölmalerei, Aquarell, Tusche, Bleistift, Kohle<br />– Komposition, Farbenlehre, Anatomie</p>								</div>
				</div>
					</div>
		</div>
					</div>
		</section>
				<section class="elementor-section elementor-top-section elementor-element elementor-element-b65c308 elementor-section-boxed elementor-section-height-default elementor-section-height-default" data-id="b65c308" data-element_type="section" data-e-type="section">
						<div class="elementor-container elementor-column-gap-default">
					<div class="elementor-column elementor-col-100 elementor-top-column elementor-element elementor-element-df0b3e1" data-id="df0b3e1" data-element_type="column" data-e-type="column">
			<div class="elementor-widget-wrap elementor-element-populated">
						<div class="elementor-element elementor-element-fc809a0 elementor-widget elementor-widget-text-editor" data-id="fc809a0" data-element_type="widget" data-e-type="widget" data-widget_type="text-editor.default">
				<div class="elementor-widget-container">
									<h3>Kursgebühren</h3><p>Gruppenkurse für Erwachsene jeweils 20 €/Std.</p><p>Gruppenkurse für Kinder jeweils 15 €/Std.</p>								</div>
				</div>
				<div class="elementor-element elementor-element-e201a90 elementor-widget elementor-widget-image" data-id="e201a90" data-element_type="widget" data-e-type="widget" data-widget_type="image.default">
				<div class="elementor-widget-container">
															<img fetchpriority="high" decoding="async" width="768" height="1039" src="https://koehlergalerie.de/wp-content/uploads/2021/01/DSC_1207-768x1039.jpg" class="attachment-medium_large size-medium_large wp-image-10481" alt="" srcset="https://koehlergalerie.de/wp-content/uploads/2021/01/DSC_1207-768x1039.jpg 768w, https://koehlergalerie.de/wp-content/uploads/2021/01/DSC_1207-scaled-600x812.jpg 600w, https://koehlergalerie.de/wp-content/uploads/2021/01/DSC_1207-222x300.jpg 222w, https://koehlergalerie.de/wp-content/uploads/2021/01/DSC_1207-757x1024.jpg 757w, https://koehlergalerie.de/wp-content/uploads/2021/01/DSC_1207-1135x1536.jpg 1135w, https://koehlergalerie.de/wp-content/uploads/2021/01/DSC_1207-1513x2048.jpg 1513w, https://koehlergalerie.de/wp-content/uploads/2021/01/DSC_1207-scaled.jpg 1892w" sizes="(max-width: 768px) 100vw, 768px" />															</div>
				</div>
					</div>
		</div>
					</div>
		</section>
				</div>

<p>Ela Köhler bietet ganzjährig Malkurse an, so dass ein Einstieg jederzeit und ohne Vorwissen möglich ist. In einer öffentliche Ausstellung können die Schüler ihre Bilder einem grösseren Publikum zeigen. – Übung des Sehens– Konzentration auf das Wesentliche– Weitergabe des Augenblicks Farben, Licht, Struktur – alles führt zur kreativen Auseinandersetzung mit beliebigen Themen, ob Portrait, Landschaft [&hellip;]</p>
