{"id":11322,"date":"2024-01-26T00:44:35","date_gmt":"2024-01-25T23:44:35","guid":{"rendered":"https:\/\/koehlergalerie.de\/?page_id=11322"},"modified":"2024-01-26T00:57:24","modified_gmt":"2024-01-25T23:57:24","slug":"ela","status":"publish","type":"page","link":"https:\/\/koehlergalerie.de\/?page_id=11322","title":{"rendered":"Ela K\u00f6hler"},"content":{"rendered":"\t\t<div data-elementor-type=\"wp-post\" data-elementor-id=\"11322\" class=\"elementor elementor-11322\">\n\t\t\t\t\t\t<section class=\"elementor-section elementor-top-section elementor-element elementor-element-e19802b elementor-section-boxed elementor-section-height-default elementor-section-height-default\" data-id=\"e19802b\" data-element_type=\"section\" data-e-type=\"section\">\n\t\t\t\t\t\t<div class=\"elementor-container elementor-column-gap-default\">\n\t\t\t\t\t<div class=\"elementor-column elementor-col-100 elementor-top-column elementor-element elementor-element-11f1e72\" data-id=\"11f1e72\" data-element_type=\"column\" data-e-type=\"column\">\n\t\t\t<div class=\"elementor-widget-wrap elementor-element-populated\">\n\t\t\t\t\t\t<div class=\"elementor-element elementor-element-e201a90 elementor-widget elementor-widget-image\" data-id=\"e201a90\" data-element_type=\"widget\" data-e-type=\"widget\" data-widget_type=\"image.default\">\n\t\t\t\t<div class=\"elementor-widget-container\">\n\t\t\t\t\t\t\t\t\t\t\t\t\t\t\t<img fetchpriority=\"high\" decoding=\"async\" width=\"296\" height=\"300\" src=\"https:\/\/koehlergalerie.de\/wp-content\/uploads\/2021\/01\/SmartSelect-296x300.jpg\" class=\"attachment-medium size-medium wp-image-10765\" alt=\"Ein Portr\u00e4t der K\u00fcnstlerin Ela K\u00f6hler\" srcset=\"https:\/\/koehlergalerie.de\/wp-content\/uploads\/2021\/01\/SmartSelect-296x300.jpg 296w, https:\/\/koehlergalerie.de\/wp-content\/uploads\/2021\/01\/SmartSelect-1010x1024.jpg 1010w, https:\/\/koehlergalerie.de\/wp-content\/uploads\/2021\/01\/SmartSelect-768x778.jpg 768w, https:\/\/koehlergalerie.de\/wp-content\/uploads\/2021\/01\/SmartSelect-600x608.jpg 600w, https:\/\/koehlergalerie.de\/wp-content\/uploads\/2021\/01\/SmartSelect-100x100.jpg 100w, https:\/\/koehlergalerie.de\/wp-content\/uploads\/2021\/01\/SmartSelect.jpg 1411w\" sizes=\"(max-width: 296px) 100vw, 296px\" \/>\t\t\t\t\t\t\t\t\t\t\t\t\t\t\t<\/div>\n\t\t\t\t<\/div>\n\t\t\t\t\t<\/div>\n\t\t<\/div>\n\t\t\t\t\t<\/div>\n\t\t<\/section>\n\t\t\t\t<section class=\"elementor-section elementor-top-section elementor-element elementor-element-b36e079 elementor-section-boxed elementor-section-height-default elementor-section-height-default\" data-id=\"b36e079\" data-element_type=\"section\" data-e-type=\"section\">\n\t\t\t\t\t\t<div class=\"elementor-container elementor-column-gap-default\">\n\t\t\t\t\t<div class=\"elementor-column elementor-col-100 elementor-top-column elementor-element elementor-element-df5ee9d\" data-id=\"df5ee9d\" data-element_type=\"column\" data-e-type=\"column\">\n\t\t\t<div class=\"elementor-widget-wrap elementor-element-populated\">\n\t\t\t\t\t\t<div class=\"elementor-element elementor-element-dc500ff elementor-widget elementor-widget-text-editor\" data-id=\"dc500ff\" data-element_type=\"widget\" data-e-type=\"widget\" data-widget_type=\"text-editor.default\">\n\t\t\t\t<div class=\"elementor-widget-container\">\n\t\t\t\t\t\t\t\t\t<h3>Die K\u00fcnstlerin<\/h3>\nEla K\u00f6hler ist eine erfahrene deutsche K\u00fcnstlerin, die ihre Arbeiten international ausgestellt hat. Sie konzentriert sich darauf, Barrieren abzubauen und Klarheit und Dichte zu schaffen. Sie komponiert expressionistische Portr\u00e4t-, Landschafts-, Tier- und abstrakte Gem\u00e4lde, die von starken Figuren und einer gewissen Weichheit gepr\u00e4gt sind.\t\t\t\t\t\t\t\t<\/div>\n\t\t\t\t<\/div>\n\t\t\t\t\t<\/div>\n\t\t<\/div>\n\t\t\t\t\t<\/div>\n\t\t<\/section>\n\t\t\t\t<section class=\"elementor-section elementor-top-section elementor-element elementor-element-b65c308 elementor-section-boxed elementor-section-height-default elementor-section-height-default\" data-id=\"b65c308\" data-element_type=\"section\" data-e-type=\"section\">\n\t\t\t\t\t\t<div class=\"elementor-container elementor-column-gap-default\">\n\t\t\t\t\t<div class=\"elementor-column elementor-col-100 elementor-top-column elementor-element elementor-element-df0b3e1\" data-id=\"df0b3e1\" data-element_type=\"column\" data-e-type=\"column\">\n\t\t\t<div class=\"elementor-widget-wrap elementor-element-populated\">\n\t\t\t\t\t\t<div class=\"elementor-element elementor-element-fc809a0 elementor-widget elementor-widget-text-editor\" data-id=\"fc809a0\" data-element_type=\"widget\" data-e-type=\"widget\" data-widget_type=\"text-editor.default\">\n\t\t\t\t<div class=\"elementor-widget-container\">\n\t\t\t\t\t\t\t\t\t<h3>Werdegang<\/h3><p>Seit ihrer Jugend von der Kunst und Malerei fasziniert, bildete sich Ela K\u00f6hler in der klassischen Malerei aus. Etappen ihrer Reise sind eine Ausbildung zur Werbegrafikerin, die Ernennung zur professionellen Kunstmalerin durch das Kulturministerium in Warschau, Auftr\u00e4ge f\u00fcr staatliche Museen und Schulen in Polen, nationale Ausstellungen.<\/p><p>Ende der 1980-er Jahre zieht Ela K\u00f6hler in die BRD um. Neben ihrer k\u00fcnstlerischen T\u00e4tigkeit gibt sie privaten Unterricht, der 2002 in die Er\u00f6ffnung einer Mal- und Zeichenschule m\u00fcndet. Seit einigen Jahren organisiert sie Kunstreisen in den Mittelmeerraum.<\/p><p>Ela K\u00f6hler ist Mitglied im BBK. Die Bilder Ela K\u00f6hlers wurden national und international u.a. in Warschau, Paris und Hamburg auf Ausstellungen gezeigt und an private Sammler verkauft. Ela K\u00f6hler f\u00fchrt ein Atelier in der Ermschwerder Stra\u00dfe in Witzenhausen.<\/p>\t\t\t\t\t\t\t\t<\/div>\n\t\t\t\t<\/div>\n\t\t\t\t\t<\/div>\n\t\t<\/div>\n\t\t\t\t\t<\/div>\n\t\t<\/section>\n\t\t\t\t<section class=\"elementor-section elementor-top-section elementor-element elementor-element-0506d33 elementor-section-boxed elementor-section-height-default elementor-section-height-default\" data-id=\"0506d33\" data-element_type=\"section\" data-e-type=\"section\">\n\t\t\t\t\t\t<div class=\"elementor-container elementor-column-gap-default\">\n\t\t\t\t\t<div class=\"elementor-column elementor-col-50 elementor-top-column elementor-element elementor-element-07c4791\" data-id=\"07c4791\" data-element_type=\"column\" data-e-type=\"column\">\n\t\t\t<div class=\"elementor-widget-wrap elementor-element-populated\">\n\t\t\t\t\t\t<div class=\"elementor-element elementor-element-b53f48e elementor-widget elementor-widget-text-editor\" data-id=\"b53f48e\" data-element_type=\"widget\" data-e-type=\"widget\" data-widget_type=\"text-editor.default\">\n\t\t\t\t<div class=\"elementor-widget-container\">\n\t\t\t\t\t\t\t\t\t<h3>Einzelausstellungen<\/h3><p><strong>2018 \/ Kassel<\/strong><br \/>Kunstmesse Kassel \/ Documenta-Halle<\/p><p><strong>2010 \/ Eschwege<\/strong><br \/>Lichthof \/ Kunstverein Eschwege<\/p><p><strong>2002 \/ Grebenstein<\/strong><br \/>Galerie Am Wippeteich<\/p><p><strong>1997 \/ Witzenhausen<\/strong><br \/>VHS Kunstpreis \/ Platz 3<\/p><p><strong>1995 \/ Witzenhausen<\/strong><br \/>VHS Kunstpreis \/ Platz 1<\/p><p><strong>1994 \/ Goslar<\/strong><br \/>Galerie Papagallo<\/p>\t\t\t\t\t\t\t\t<\/div>\n\t\t\t\t<\/div>\n\t\t\t\t\t<\/div>\n\t\t<\/div>\n\t\t\t\t<div class=\"elementor-column elementor-col-50 elementor-top-column elementor-element elementor-element-c50e68b\" data-id=\"c50e68b\" data-element_type=\"column\" data-e-type=\"column\">\n\t\t\t<div class=\"elementor-widget-wrap elementor-element-populated\">\n\t\t\t\t\t\t<div class=\"elementor-element elementor-element-abcfd2d elementor-widget elementor-widget-text-editor\" data-id=\"abcfd2d\" data-element_type=\"widget\" data-e-type=\"widget\" data-widget_type=\"text-editor.default\">\n\t\t\t\t<div class=\"elementor-widget-container\">\n\t\t\t\t\t\t\t\t\t<h3>Kollektivausstellungen<\/h3><p><strong>2018 \/ Marburg<\/strong><br \/>WASSER Stadtwerke Kunstpreis \/ 2. Platz<\/p><p><strong>2016 \/ Bad Wildungen<\/strong><br \/>\u201c Standpunkte \u201c \/ Wandelhalle<\/p><p><strong>2013 \/ Kassel<\/strong><br \/>Green.vert.verde \/ domaine:gallery<\/p><p><strong>2012 \/ Kassel<\/strong><br \/>12x Malerei \/ domaine:gallery<\/p><p><strong>2012 \/ Kassel<\/strong><br \/>Bilder und Gegenbilder \/ UPK Kassel<\/p><p><strong>2011 \/ Kassel<\/strong><br \/>Kunstpreis Arbeitsleben\/Lebensarbeit \/ Kunsttempel Kassel<\/p><p><strong>2006 \/ Zielona Gora<\/strong><br \/>Kollektivausstellung \/ Galeria u Jadzki<\/p>\t\t\t\t\t\t\t\t<\/div>\n\t\t\t\t<\/div>\n\t\t\t\t\t<\/div>\n\t\t<\/div>\n\t\t\t\t\t<\/div>\n\t\t<\/section>\n\t\t\t\t<\/div>\n\t\t","protected":false},"excerpt":{"rendered":"<p>Die K\u00fcnstlerin Ela K\u00f6hler ist eine erfahrene deutsche K\u00fcnstlerin, die ihre Arbeiten international ausgestellt hat. Sie konzentriert sich darauf, Barrieren abzubauen und Klarheit und Dichte zu schaffen. Sie komponiert expressionistische Portr\u00e4t-, Landschafts-, Tier- und abstrakte Gem\u00e4lde, die von starken Figuren und einer gewissen Weichheit gepr\u00e4gt sind. Werdegang Seit ihrer Jugend von der Kunst und Malerei [&hellip;]<\/p>\n","protected":false},"author":1,"featured_media":0,"parent":0,"menu_order":8,"comment_status":"closed","ping_status":"closed","template":"","meta":{"_acf_changed":false,"pgc_sgb_lightbox_settings":"","footnotes":""},"class_list":["post-11322","page","type-page","status-publish","hentry"],"acf":[],"aioseo_notices":[],"_links":{"self":[{"href":"https:\/\/koehlergalerie.de\/index.php?rest_route=\/wp\/v2\/pages\/11322","targetHints":{"allow":["GET"]}}],"collection":[{"href":"https:\/\/koehlergalerie.de\/index.php?rest_route=\/wp\/v2\/pages"}],"about":[{"href":"https:\/\/koehlergalerie.de\/index.php?rest_route=\/wp\/v2\/types\/page"}],"author":[{"embeddable":true,"href":"https:\/\/koehlergalerie.de\/index.php?rest_route=\/wp\/v2\/users\/1"}],"replies":[{"embeddable":true,"href":"https:\/\/koehlergalerie.de\/index.php?rest_route=%2Fwp%2Fv2%2Fcomments&post=11322"}],"version-history":[{"count":8,"href":"https:\/\/koehlergalerie.de\/index.php?rest_route=\/wp\/v2\/pages\/11322\/revisions"}],"predecessor-version":[{"id":11332,"href":"https:\/\/koehlergalerie.de\/index.php?rest_route=\/wp\/v2\/pages\/11322\/revisions\/11332"}],"wp:attachment":[{"href":"https:\/\/koehlergalerie.de\/index.php?rest_route=%2Fwp%2Fv2%2Fmedia&parent=11322"}],"curies":[{"name":"wp","href":"https:\/\/api.w.org\/{rel}","templated":true}]}}

Ela Köhler

<div data-elementor-type="wp-post" data-elementor-id="11322" class="elementor elementor-11322">
						<section class="elementor-section elementor-top-section elementor-element elementor-element-e19802b elementor-section-boxed elementor-section-height-default elementor-section-height-default" data-id="e19802b" data-element_type="section" data-e-type="section">
						<div class="elementor-container elementor-column-gap-default">
					<div class="elementor-column elementor-col-100 elementor-top-column elementor-element elementor-element-11f1e72" data-id="11f1e72" data-element_type="column" data-e-type="column">
			<div class="elementor-widget-wrap elementor-element-populated">
						<div class="elementor-element elementor-element-e201a90 elementor-widget elementor-widget-image" data-id="e201a90" data-element_type="widget" data-e-type="widget" data-widget_type="image.default">
				<div class="elementor-widget-container">
															<img fetchpriority="high" decoding="async" width="296" height="300" src="https://koehlergalerie.de/wp-content/uploads/2021/01/SmartSelect-296x300.jpg" class="attachment-medium size-medium wp-image-10765" alt="Ein Porträt der Künstlerin Ela Köhler" srcset="https://koehlergalerie.de/wp-content/uploads/2021/01/SmartSelect-296x300.jpg 296w, https://koehlergalerie.de/wp-content/uploads/2021/01/SmartSelect-1010x1024.jpg 1010w, https://koehlergalerie.de/wp-content/uploads/2021/01/SmartSelect-768x778.jpg 768w, https://koehlergalerie.de/wp-content/uploads/2021/01/SmartSelect-600x608.jpg 600w, https://koehlergalerie.de/wp-content/uploads/2021/01/SmartSelect-100x100.jpg 100w, https://koehlergalerie.de/wp-content/uploads/2021/01/SmartSelect.jpg 1411w" sizes="(max-width: 296px) 100vw, 296px" />															</div>
				</div>
					</div>
		</div>
					</div>
		</section>
				<section class="elementor-section elementor-top-section elementor-element elementor-element-b36e079 elementor-section-boxed elementor-section-height-default elementor-section-height-default" data-id="b36e079" data-element_type="section" data-e-type="section">
						<div class="elementor-container elementor-column-gap-default">
					<div class="elementor-column elementor-col-100 elementor-top-column elementor-element elementor-element-df5ee9d" data-id="df5ee9d" data-element_type="column" data-e-type="column">
			<div class="elementor-widget-wrap elementor-element-populated">
						<div class="elementor-element elementor-element-dc500ff elementor-widget elementor-widget-text-editor" data-id="dc500ff" data-element_type="widget" data-e-type="widget" data-widget_type="text-editor.default">
				<div class="elementor-widget-container">
									<h3>Die Künstlerin</h3>
Ela Köhler ist eine erfahrene deutsche Künstlerin, die ihre Arbeiten international ausgestellt hat. Sie konzentriert sich darauf, Barrieren abzubauen und Klarheit und Dichte zu schaffen. Sie komponiert expressionistische Porträt-, Landschafts-, Tier- und abstrakte Gemälde, die von starken Figuren und einer gewissen Weichheit geprägt sind.								</div>
				</div>
					</div>
		</div>
					</div>
		</section>
				<section class="elementor-section elementor-top-section elementor-element elementor-element-b65c308 elementor-section-boxed elementor-section-height-default elementor-section-height-default" data-id="b65c308" data-element_type="section" data-e-type="section">
						<div class="elementor-container elementor-column-gap-default">
					<div class="elementor-column elementor-col-100 elementor-top-column elementor-element elementor-element-df0b3e1" data-id="df0b3e1" data-element_type="column" data-e-type="column">
			<div class="elementor-widget-wrap elementor-element-populated">
						<div class="elementor-element elementor-element-fc809a0 elementor-widget elementor-widget-text-editor" data-id="fc809a0" data-element_type="widget" data-e-type="widget" data-widget_type="text-editor.default">
				<div class="elementor-widget-container">
									<h3>Werdegang</h3><p>Seit ihrer Jugend von der Kunst und Malerei fasziniert, bildete sich Ela Köhler in der klassischen Malerei aus. Etappen ihrer Reise sind eine Ausbildung zur Werbegrafikerin, die Ernennung zur professionellen Kunstmalerin durch das Kulturministerium in Warschau, Aufträge für staatliche Museen und Schulen in Polen, nationale Ausstellungen.</p><p>Ende der 1980-er Jahre zieht Ela Köhler in die BRD um. Neben ihrer künstlerischen Tätigkeit gibt sie privaten Unterricht, der 2002 in die Eröffnung einer Mal- und Zeichenschule mündet. Seit einigen Jahren organisiert sie Kunstreisen in den Mittelmeerraum.</p><p>Ela Köhler ist Mitglied im BBK. Die Bilder Ela Köhlers wurden national und international u.a. in Warschau, Paris und Hamburg auf Ausstellungen gezeigt und an private Sammler verkauft. Ela Köhler führt ein Atelier in der Ermschwerder Straße in Witzenhausen.</p>								</div>
				</div>
					</div>
		</div>
					</div>
		</section>
				<section class="elementor-section elementor-top-section elementor-element elementor-element-0506d33 elementor-section-boxed elementor-section-height-default elementor-section-height-default" data-id="0506d33" data-element_type="section" data-e-type="section">
						<div class="elementor-container elementor-column-gap-default">
					<div class="elementor-column elementor-col-50 elementor-top-column elementor-element elementor-element-07c4791" data-id="07c4791" data-element_type="column" data-e-type="column">
			<div class="elementor-widget-wrap elementor-element-populated">
						<div class="elementor-element elementor-element-b53f48e elementor-widget elementor-widget-text-editor" data-id="b53f48e" data-element_type="widget" data-e-type="widget" data-widget_type="text-editor.default">
				<div class="elementor-widget-container">
									<h3>Einzelausstellungen</h3><p><strong>2018 / Kassel</strong><br />Kunstmesse Kassel / Documenta-Halle</p><p><strong>2010 / Eschwege</strong><br />Lichthof / Kunstverein Eschwege</p><p><strong>2002 / Grebenstein</strong><br />Galerie Am Wippeteich</p><p><strong>1997 / Witzenhausen</strong><br />VHS Kunstpreis / Platz 3</p><p><strong>1995 / Witzenhausen</strong><br />VHS Kunstpreis / Platz 1</p><p><strong>1994 / Goslar</strong><br />Galerie Papagallo</p>								</div>
				</div>
					</div>
		</div>
				<div class="elementor-column elementor-col-50 elementor-top-column elementor-element elementor-element-c50e68b" data-id="c50e68b" data-element_type="column" data-e-type="column">
			<div class="elementor-widget-wrap elementor-element-populated">
						<div class="elementor-element elementor-element-abcfd2d elementor-widget elementor-widget-text-editor" data-id="abcfd2d" data-element_type="widget" data-e-type="widget" data-widget_type="text-editor.default">
				<div class="elementor-widget-container">
									<h3>Kollektivausstellungen</h3><p><strong>2018 / Marburg</strong><br />WASSER Stadtwerke Kunstpreis / 2. Platz</p><p><strong>2016 / Bad Wildungen</strong><br />“ Standpunkte “ / Wandelhalle</p><p><strong>2013 / Kassel</strong><br />Green.vert.verde / domaine:gallery</p><p><strong>2012 / Kassel</strong><br />12x Malerei / domaine:gallery</p><p><strong>2012 / Kassel</strong><br />Bilder und Gegenbilder / UPK Kassel</p><p><strong>2011 / Kassel</strong><br />Kunstpreis Arbeitsleben/Lebensarbeit / Kunsttempel Kassel</p><p><strong>2006 / Zielona Gora</strong><br />Kollektivausstellung / Galeria u Jadzki</p>								</div>
				</div>
					</div>
		</div>
					</div>
		</section>
				</div>

<p>Die Künstlerin Ela Köhler ist eine erfahrene deutsche Künstlerin, die ihre Arbeiten international ausgestellt hat. Sie konzentriert sich darauf, Barrieren abzubauen und Klarheit und Dichte zu schaffen. Sie komponiert expressionistische Porträt-, Landschafts-, Tier- und abstrakte Gemälde, die von starken Figuren und einer gewissen Weichheit geprägt sind. Werdegang Seit ihrer Jugend von der Kunst und Malerei [&hellip;]</p>
