{"id":10491,"date":"2021-01-18T23:05:05","date_gmt":"2021-01-18T22:05:05","guid":{"rendered":"https:\/\/koehlergalerie.de\/t_wp\/wp-content\/uploads\/2021\/01\/Studiowohnung-Wiz-104.jpg"},"modified":"2024-01-25T21:42:30","modified_gmt":"2024-01-25T20:42:30","slug":"studiowohnung-wiz-104","status":"inherit","type":"attachment","link":"https:\/\/koehlergalerie.de\/?attachment_id=10491","title":{"rendered":"Amalfi"},"author":1,"featured_media":0,"comment_status":"open","ping_status":"closed","template":"","meta":{"_acf_changed":false,"pgc_sgb_lightbox_settings":""},"class_list":["post-10491","attachment","type-attachment","status-inherit","hentry"],"acf":[],"aioseo_notices":[],"description":{"rendered":"<p class=\"attachment\"><a href='https:\/\/koehlergalerie.de\/wp-content\/uploads\/2021\/01\/Studiowohnung-Wiz-104-scaled-e1611076213327.jpg'><img fetchpriority=\"high\" decoding=\"async\" width=\"300\" height=\"225\" src=\"https:\/\/koehlergalerie.de\/wp-content\/uploads\/2021\/01\/Studiowohnung-Wiz-104-scaled-e1611076213327.jpg\" class=\"attachment-medium size-medium\" alt=\"Gem\u00e4lde einer K\u00fcstenlandschaft in Blau und Gelb, semi-abstraktes Gem\u00e4lde, Komplement\u00e4rfarben, Nachtszenenmalerei, Hell-Dunkel, Impressionismus, Panorama\" \/><\/a><\/p>\n<p>\u00d6l auf Leinwand | 2010 | 100 x 80 cm | 1.950,00 \u20ac<\/p>\n"},"caption":{"rendered":"<p>Amalfi<\/p>\n"},"alt_text":"Gem\u00e4lde einer K\u00fcstenlandschaft in Blau und Gelb, semi-abstraktes Gem\u00e4lde, Komplement\u00e4rfarben, Nachtszenenmalerei, Hell-Dunkel, Impressionismus, Panorama","media_type":"image","mime_type":"image\/jpeg","media_details":{"width":1000,"height":750,"file":"2021\/01\/Studiowohnung-Wiz-104-scaled-e1611076213327.jpg","sizes":{"woocommerce_thumbnail":{"file":"Studiowohnung-Wiz-104-scaled-300x300.jpg","width":300,"height":300,"uncropped":false,"mime_type":"image\/jpeg","source_url":"https:\/\/koehlergalerie.de\/wp-content\/uploads\/2021\/01\/Studiowohnung-Wiz-104-scaled-300x300.jpg"},"woocommerce_gallery_thumbnail":{"file":"Studiowohnung-Wiz-104-scaled-100x100.jpg","width":100,"height":100,"mime_type":"image\/jpeg","source_url":"https:\/\/koehlergalerie.de\/wp-content\/uploads\/2021\/01\/Studiowohnung-Wiz-104-scaled-100x100.jpg"},"woocommerce_single":{"file":"Studiowohnung-Wiz-104-scaled-600x450.jpg","width":600,"height":450,"mime_type":"image\/jpeg","source_url":"https:\/\/koehlergalerie.de\/wp-content\/uploads\/2021\/01\/Studiowohnung-Wiz-104-scaled-600x450.jpg"},"shop_catalog":{"file":"Studiowohnung-Wiz-104-scaled-300x300.jpg","width":300,"height":300,"mime_type":"image\/jpeg","source_url":"https:\/\/koehlergalerie.de\/wp-content\/uploads\/2021\/01\/Studiowohnung-Wiz-104-scaled-300x300.jpg"},"shop_thumbnail":{"file":"Studiowohnung-Wiz-104-scaled-100x100.jpg","width":100,"height":100,"mime_type":"image\/jpeg","source_url":"https:\/\/koehlergalerie.de\/wp-content\/uploads\/2021\/01\/Studiowohnung-Wiz-104-scaled-100x100.jpg"},"full":{"file":"Studiowohnung-Wiz-104-scaled-e1611076213327.jpg","width":1000,"height":750,"mime_type":"image\/jpeg","source_url":"https:\/\/koehlergalerie.de\/wp-content\/uploads\/2021\/01\/Studiowohnung-Wiz-104-scaled-e1611076213327.jpg"}},"image_meta":{"aperture":"0","credit":"","camera":"","caption":"","created_timestamp":"0","copyright":"","focal_length":"0","iso":"0","shutter_speed":"0","title":"","orientation":"0","keywords":[]}},"post":3419,"source_url":"https:\/\/koehlergalerie.de\/wp-content\/uploads\/2021\/01\/Studiowohnung-Wiz-104-scaled-e1611076213327.jpg","_links":{"self":[{"href":"https:\/\/koehlergalerie.de\/index.php?rest_route=\/wp\/v2\/media\/10491","targetHints":{"allow":["GET"]}}],"collection":[{"href":"https:\/\/koehlergalerie.de\/index.php?rest_route=\/wp\/v2\/media"}],"about":[{"href":"https:\/\/koehlergalerie.de\/index.php?rest_route=\/wp\/v2\/types\/attachment"}],"author":[{"embeddable":true,"href":"https:\/\/koehlergalerie.de\/index.php?rest_route=\/wp\/v2\/users\/1"}],"replies":[{"embeddable":true,"href":"https:\/\/koehlergalerie.de\/index.php?rest_route=%2Fwp%2Fv2%2Fcomments&post=10491"}],"wp:attached-to":[{"embeddable":true,"post_type":"portfolio","id":3419,"href":"https:\/\/koehlergalerie.de\/index.php?rest_route=\/wp\/v2\/portfolio\/3419"}],"curies":[{"name":"wp","href":"https:\/\/api.w.org\/{rel}","templated":true}]}}

<p class="attachment"><a href='https://koehlergalerie.de/wp-content/uploads/2021/01/Studiowohnung-Wiz-104-scaled-e1611076213327.jpg'><img fetchpriority="high" decoding="async" width="300" height="225" src="https://koehlergalerie.de/wp-content/uploads/2021/01/Studiowohnung-Wiz-104-scaled-e1611076213327.jpg" class="attachment-medium size-medium" alt="Gemälde einer Küstenlandschaft in Blau und Gelb, semi-abstraktes Gemälde, Komplementärfarben, Nachtszenenmalerei, Hell-Dunkel, Impressionismus, Panorama" /></a></p>
<p>Öl auf Leinwand | 2010 | 100 x 80 cm | 1.950,00 €</p>

Gemälde einer Küstenlandschaft in Blau und Gelb, semi-abstraktes Gemälde, Komplementärfarben, Nachtszenenmalerei, Hell-Dunkel, Impressionismus, Panorama
