{"id":10486,"date":"2021-01-18T23:04:44","date_gmt":"2021-01-18T22:04:44","guid":{"rendered":"https:\/\/koehlergalerie.de\/t_wp\/wp-content\/uploads\/2021\/01\/P1012623.jpg"},"modified":"2024-01-25T21:44:28","modified_gmt":"2024-01-25T20:44:28","slug":"olympus-digital-camera","status":"inherit","type":"attachment","link":"https:\/\/koehlergalerie.de\/?attachment_id=10486","title":{"rendered":"Blaugr\u00fcn"},"author":1,"featured_media":0,"comment_status":"open","ping_status":"closed","template":"","meta":{"_acf_changed":false,"pgc_sgb_lightbox_settings":""},"class_list":["post-10486","attachment","type-attachment","status-inherit","hentry"],"acf":[],"aioseo_notices":[],"description":{"rendered":"<p class=\"attachment\"><a href='https:\/\/koehlergalerie.de\/wp-content\/uploads\/2021\/01\/P1012623-scaled-e1611401792573.jpg'><img fetchpriority=\"high\" decoding=\"async\" width=\"235\" height=\"300\" src=\"https:\/\/koehlergalerie.de\/wp-content\/uploads\/2021\/01\/P1012623-235x300.jpg\" class=\"attachment-medium size-medium\" alt=\"Gem\u00e4lde in gr\u00fcner, blauer und rosafarbener Farbgebung, abstraktes Gem\u00e4lde, Farbfeld, irrisierend, impressionistisch, malerisch\" srcset=\"https:\/\/koehlergalerie.de\/wp-content\/uploads\/2021\/01\/P1012623-235x300.jpg 235w, https:\/\/koehlergalerie.de\/wp-content\/uploads\/2021\/01\/P1012623-scaled-600x766.jpg 600w, https:\/\/koehlergalerie.de\/wp-content\/uploads\/2021\/01\/P1012623-803x1024.jpg 803w, https:\/\/koehlergalerie.de\/wp-content\/uploads\/2021\/01\/P1012623-768x980.jpg 768w, https:\/\/koehlergalerie.de\/wp-content\/uploads\/2021\/01\/P1012623-1204x1536.jpg 1204w, https:\/\/koehlergalerie.de\/wp-content\/uploads\/2021\/01\/P1012623-1605x2048.jpg 1605w, https:\/\/koehlergalerie.de\/wp-content\/uploads\/2021\/01\/P1012623-scaled-e1611401792573.jpg 1000w\" sizes=\"(max-width: 235px) 100vw, 235px\" \/><\/a><\/p>\n<p>\u00d6l auf Leinwand | 2016 | 70 x 100 cm | 2.250,00 \u20ac<\/p>\n"},"caption":{"rendered":"<p>Blaugr\u00fcn <\/p>\n"},"alt_text":"Gem\u00e4lde in gr\u00fcner, blauer und rosafarbener Farbgebung, abstraktes Gem\u00e4lde, Farbfeld, irrisierend, impressionistisch, malerisch","media_type":"image","mime_type":"image\/jpeg","media_details":{"width":1000,"height":1276,"file":"2021\/01\/P1012623-scaled-e1611401792573.jpg","sizes":{"woocommerce_thumbnail":{"file":"P1012623-scaled-300x300.jpg","width":300,"height":300,"uncropped":false,"mime_type":"image\/jpeg","source_url":"https:\/\/koehlergalerie.de\/wp-content\/uploads\/2021\/01\/P1012623-scaled-300x300.jpg"},"woocommerce_gallery_thumbnail":{"file":"P1012623-scaled-100x100.jpg","width":100,"height":100,"mime_type":"image\/jpeg","source_url":"https:\/\/koehlergalerie.de\/wp-content\/uploads\/2021\/01\/P1012623-scaled-100x100.jpg"},"woocommerce_single":{"file":"P1012623-scaled-600x766.jpg","width":600,"height":766,"mime_type":"image\/jpeg","source_url":"https:\/\/koehlergalerie.de\/wp-content\/uploads\/2021\/01\/P1012623-scaled-600x766.jpg"},"medium":{"file":"P1012623-235x300.jpg","width":235,"height":300,"mime_type":"image\/jpeg","source_url":"https:\/\/koehlergalerie.de\/wp-content\/uploads\/2021\/01\/P1012623-235x300.jpg"},"large":{"file":"P1012623-803x1024.jpg","width":803,"height":1024,"mime_type":"image\/jpeg","source_url":"https:\/\/koehlergalerie.de\/wp-content\/uploads\/2021\/01\/P1012623-803x1024.jpg"},"thumbnail":{"file":"P1012623-150x150.jpg","width":150,"height":150,"mime_type":"image\/jpeg","source_url":"https:\/\/koehlergalerie.de\/wp-content\/uploads\/2021\/01\/P1012623-150x150.jpg"},"medium_large":{"file":"P1012623-768x980.jpg","width":768,"height":980,"mime_type":"image\/jpeg","source_url":"https:\/\/koehlergalerie.de\/wp-content\/uploads\/2021\/01\/P1012623-768x980.jpg"},"1536x1536":{"file":"P1012623-1204x1536.jpg","width":1204,"height":1536,"mime_type":"image\/jpeg","source_url":"https:\/\/koehlergalerie.de\/wp-content\/uploads\/2021\/01\/P1012623-1204x1536.jpg"},"2048x2048":{"file":"P1012623-1605x2048.jpg","width":1605,"height":2048,"mime_type":"image\/jpeg","source_url":"https:\/\/koehlergalerie.de\/wp-content\/uploads\/2021\/01\/P1012623-1605x2048.jpg"},"image-size-1":{"file":"P1012623-560x400.jpg","width":560,"height":400,"mime_type":"image\/jpeg","source_url":"https:\/\/koehlergalerie.de\/wp-content\/uploads\/2021\/01\/P1012623-560x400.jpg"},"image-size-2":{"file":"P1012623-1000x1000.jpg","width":1000,"height":1000,"mime_type":"image\/jpeg","source_url":"https:\/\/koehlergalerie.de\/wp-content\/uploads\/2021\/01\/P1012623-1000x1000.jpg"},"image-size-3":{"file":"P1012623-860x700.jpg","width":860,"height":700,"mime_type":"image\/jpeg","source_url":"https:\/\/koehlergalerie.de\/wp-content\/uploads\/2021\/01\/P1012623-860x700.jpg"},"image-size-4":{"file":"P1012623-392x232.jpg","width":392,"height":232,"mime_type":"image\/jpeg","source_url":"https:\/\/koehlergalerie.de\/wp-content\/uploads\/2021\/01\/P1012623-392x232.jpg"},"shop_catalog":{"file":"P1012623-scaled-300x300.jpg","width":300,"height":300,"uncropped":false,"mime_type":"image\/jpeg","source_url":"https:\/\/koehlergalerie.de\/wp-content\/uploads\/2021\/01\/P1012623-scaled-300x300.jpg"},"shop_single":{"file":"P1012623-scaled-600x766.jpg","width":600,"height":766,"mime_type":"image\/jpeg","source_url":"https:\/\/koehlergalerie.de\/wp-content\/uploads\/2021\/01\/P1012623-scaled-600x766.jpg"},"shop_thumbnail":{"file":"P1012623-scaled-100x100.jpg","width":100,"height":100,"mime_type":"image\/jpeg","source_url":"https:\/\/koehlergalerie.de\/wp-content\/uploads\/2021\/01\/P1012623-scaled-100x100.jpg"},"full":{"file":"P1012623-scaled-e1611401792573.jpg","width":1000,"height":1276,"mime_type":"image\/jpeg","source_url":"https:\/\/koehlergalerie.de\/wp-content\/uploads\/2021\/01\/P1012623-scaled-e1611401792573.jpg"}},"image_meta":{"aperture":"0","credit":"","camera":"","caption":"","created_timestamp":"0","copyright":"","focal_length":"0","iso":"0","shutter_speed":"0","title":"","orientation":"0","keywords":[]}},"post":10824,"source_url":"https:\/\/koehlergalerie.de\/wp-content\/uploads\/2021\/01\/P1012623-scaled-e1611401792573.jpg","_links":{"self":[{"href":"https:\/\/koehlergalerie.de\/index.php?rest_route=\/wp\/v2\/media\/10486","targetHints":{"allow":["GET"]}}],"collection":[{"href":"https:\/\/koehlergalerie.de\/index.php?rest_route=\/wp\/v2\/media"}],"about":[{"href":"https:\/\/koehlergalerie.de\/index.php?rest_route=\/wp\/v2\/types\/attachment"}],"author":[{"embeddable":true,"href":"https:\/\/koehlergalerie.de\/index.php?rest_route=\/wp\/v2\/users\/1"}],"replies":[{"embeddable":true,"href":"https:\/\/koehlergalerie.de\/index.php?rest_route=%2Fwp%2Fv2%2Fcomments&post=10486"}],"wp:attached-to":[{"embeddable":true,"post_type":"portfolio","id":10824,"href":"https:\/\/koehlergalerie.de\/index.php?rest_route=\/wp\/v2\/portfolio\/10824"}],"curies":[{"name":"wp","href":"https:\/\/api.w.org\/{rel}","templated":true}]}}

Blaugrün

<p class="attachment"><a href='https://koehlergalerie.de/wp-content/uploads/2021/01/P1012623-scaled-e1611401792573.jpg'><img fetchpriority="high" decoding="async" width="235" height="300" src="https://koehlergalerie.de/wp-content/uploads/2021/01/P1012623-235x300.jpg" class="attachment-medium size-medium" alt="Gemälde in grüner, blauer und rosafarbener Farbgebung, abstraktes Gemälde, Farbfeld, irrisierend, impressionistisch, malerisch" srcset="https://koehlergalerie.de/wp-content/uploads/2021/01/P1012623-235x300.jpg 235w, https://koehlergalerie.de/wp-content/uploads/2021/01/P1012623-scaled-600x766.jpg 600w, https://koehlergalerie.de/wp-content/uploads/2021/01/P1012623-803x1024.jpg 803w, https://koehlergalerie.de/wp-content/uploads/2021/01/P1012623-768x980.jpg 768w, https://koehlergalerie.de/wp-content/uploads/2021/01/P1012623-1204x1536.jpg 1204w, https://koehlergalerie.de/wp-content/uploads/2021/01/P1012623-1605x2048.jpg 1605w, https://koehlergalerie.de/wp-content/uploads/2021/01/P1012623-scaled-e1611401792573.jpg 1000w" sizes="(max-width: 235px) 100vw, 235px" /></a></p>
<p>Öl auf Leinwand | 2016 | 70 x 100 cm | 2.250,00 €</p>

<p>Blaugrün </p>

Gemälde in grüner, blauer und rosafarbener Farbgebung, abstraktes Gemälde, Farbfeld, irrisierend, impressionistisch, malerisch
